
Suppose 12*l + 6660 = -3*l. Let o = l - -1086. What are the prime factors of o?
2, 3, 107
Suppose -19*p - 9*p - 336 = 0. List the prime factors of p/8*((-4791)/9 - -5).
7, 113
Let x(w) = -w**2 + 11*w + 8. Let g be x(4). List the prime factors of ((-9)/g)/(3 + 5786/(-1928)).
241
Let l(p) = 39*p**2 - 24*p + 5. Let v be l(-6). Suppose -353 + v = 2*h. List the prime factors of h.
2, 3, 5
Let x(l) = 435*l**2 + 373*l - 4. List the prime factors of x(-7).
2, 5, 11, 17
Let w(s) = -3*s - 220. Let m be w(-65). Suppose -2*k + 2*j + 64 = 0, 2*k + j = 23 + 38. Let l = k + m. What are the prime factors of l?
2, 3
Suppose 0 = 3*a + a - 9*a. Suppose -12*l + 13*l - 1 = a. Let b(n) = 16*n**3 + n**2 - n + 1. What are the prime factors of b(l)?
17
Suppose -14*n - 4*l + 1269 = -11*n, 0 = 2*n + 3*l - 844. What are the prime factors of n?
431
Suppose 14*c = -3*c + 51. What are the prime factors of c/(27/2) + (-268105)/(-387)?
3, 7, 11
Suppose 139*g = -114*g + 4116843 + 4440376. What are the prime factors of g?
149, 227
Let c = 227 + -227. Suppose -2*f + 5*f - 1443 = c. List the prime factors of f.
13, 37
Let c(j) = j**3 - 11*j**2 + 9*j + 13. Let l be 1/5 + 735/75. Let b be c(l). Suppose -x - 176 = -2*x - 5*o, -b*x + 464 = -o. What are the prime factors of x?
2, 3, 13
Let r = -430 - -650. Suppose -34*x = -32*x + r. Let c = -46 - x. What are the prime factors of c?
2
Let u(j) = -j**3 + 2*j**2 + 8*j - 1. Let r be u(4). Let t be -2*(-262 - (r - 1)). Suppose 0 = -4*h - 148 + t. What are the prime factors of h?
3, 31
Let n(z) = z**3 - 2*z**2 - 13*z + 25. Suppose 10*p - p = 90. What are the prime factors of n(p)?
5, 139
Let u = 37 - 27. Let c be (-920)/(-12) - (u/6 + -2). Let t = c - -27. What are the prime factors of t?
2, 13
Let l(d) = -393*d - 239. What are the prime factors of l(-14)?
19, 277
Suppose -5*x + 12 = -4*h + 9, -h = -x. Let v(f) = 191*f - 69. List the prime factors of v(h).
2, 3, 7
Suppose -24*p + 3036 = -21*p. Suppose -8*r + p = -3284. What are the prime factors of r?
3, 179
Suppose -3*f + 0 + 18 = 0. Let q = f + 76. Let p = q + 20. List the prime factors of p.
2, 3, 17
What are the prime factors of (-4)/(-32)*-4*(-17832 + -4) + 4?
2, 3, 1487
What are the prime factors of (-924507)/582*(-4)/1?
2, 3, 353
Suppose 0 = 4*v - 630 - 754. Suppose 11*w + v = 13*w. Suppose -w = -3*m + 262. What are the prime factors of m?
5, 29
Let p = 30 + 72. Let i be (1 + 3/(-2))*p. Let f = -42 - i. What are the prime factors of f?
3
Let n = 997 + 48396. What are the prime factors of n?
49393
Suppose -5*h - 3*y - 397 = 0, -3*y + 163 = -2*h - 0*y. Let t(v) = 6*v + 20. Let u be t(23). Let c = u + h. List the prime factors of c.
2, 3, 13
Let w(p) = 258*p - 20. Suppose -3*r = x + 9 + 5, -5*x = -r - 10. What are the prime factors of w(x)?
2, 7, 17
Let o be -2 + (-16)/(-7) + (-114)/(-42). Suppose -o*w + 3177 = 3*h, -5*w + 0*w + 5275 = h. What are the prime factors of w?
2, 17, 31
Let c(i) = 349*i**2 + 21*i + 49. What are the prime factors of c(-5)?
8669
Let d be (-3 + 695/10)*(-2)/(-1). Let x = d - 58. What are the prime factors of x?
3, 5
Suppose 64*w - 52*w - 48 = 0. Suppose -12*r + 10*r - w = 0, 0 = -3*c + 4*r + 4511. List the prime factors of c.
19, 79
Let n be ((-4402)/(-3) - -5) + (-6)/(-9). Let v = n + -1006. What are the prime factors of v?
467
Let l(q) = q**2 - 10*q - 9 - q**2 + q**2 + 2*q**2. Let o be l(5). What are the prime factors of (-4)/16 - 4/o*-341?
5, 17
Suppose 1428 = -22*w + 5*w. Let q = w - -119. What are the prime factors of q?
5, 7
Suppose -21*c = 4*s - 16*c - 38729, -s + c = -9680. What are the prime factors of s?
3, 7, 461
Let m(f) = -4*f**2 - 25*f - 5. Suppose 5*x = 5*d - 25, 3*x + 3*d + 28 - 7 = 0. Let r be m(x). List the prime factors of 3/(4 - 3) - (-76)/r.
79
Let g(v) = v + 118. Let s be g(39). Suppose i + r = -4*r + 28, -5*r = 4*i - s. List the prime factors of i.
43
Let f(o) = -399*o + 2274. List the prime factors of f(-35).
3, 5413
Suppose 3*r = 2*w - 384, -3*r - w - 384 = -6*w. Let z = 176 - r. Suppose j - 3*t = 262, 1054 = 5*j + t - z. What are the prime factors of j?
271
Let k(r) = 153*r**2 + 56*r + 25. What are the prime factors of k(11)?
2, 61, 157
Let j = 4802 - 2336. Let y = -1275 + j. What are the prime factors of y?
3, 397
Suppose -2*g - 1 + 9 = 0. Suppose -g*b - 3*y + 4281 = -6*y, -b = -5*y - 1066. Suppose -2*j - q = -7*j + b, 0 = -2*q - 2. What are the prime factors of j?
2, 107
Let t(u) = -6*u - 3. Let g be t(-7). Suppose 9*w - 8*w = -48. List the prime factors of g/2*4 + 46 + w.
2, 19
Let x(g) be the first derivative of 3*g**2/2 + 11*g + 2. Let w be x(12). Suppose -w = -2*o + 103. What are the prime factors of o?
3, 5
Let l = 4089 + 22772. What are the prime factors of l?
26861
Let j(c) = c**2 - 4*c - 18. Let z be j(-3). Suppose 6*h - 268 = 5*h + z*d, 0 = -5*d - 15. List the prime factors of h.
7, 37
Let y(k) = 13*k**2 + 82*k - 23. Let b be y(-21). Suppose 10*a + b - 12128 = 0. What are the prime factors of a?
2, 11, 37
Suppose -4*m + 105332 = -4*i, -68*m - 131650 = -73*m + 2*i. List the prime factors of m.
2, 3, 1097
Let s = -36 - -56. Suppose 0 = 2*c - 62 + s. Suppose 8*t = c*t - 1157. What are the prime factors of t?
89
Let p(z) be the first derivative of -6 + 7*z**2 - 5*z - 12 + 5*z**2 + 17. What are the prime factors of p(3)?
67
Suppose v - 2 - 7 = -4*r, v + r = -3. Let h = -7 - v. What are the prime factors of (17/(-2) + h)*-18?
3, 17
Suppose 5*z - c - 20 + 0 = 0, -2*c = 2*z + 4. Suppose z*d = -3*o + 5*o - 2365, 3*d = -15. What are the prime factors of o?
5, 47
Let k be ((-168)/(-2) - 1)*-1. Let y = k + 144. List the prime factors of y.
61
Let k(w) = 91*w**2 - 72. What are the prime factors of k(-7)?
41, 107
Suppose 28*c + 18 = 19*c. Let t(o) = -52*o - 9. What are the prime factors of t(c)?
5, 19
Suppose -4*d = 4*i - 16, -d = -2*d. Suppose -1703 = -10*y + 5*y + 2*v, i*y + 2*v = 1366. What are the prime factors of y?
11, 31
Let s be (-1868)/6*102/(-34). Let q = s - 638. What are the prime factors of q?
2, 37
Let m be ((-1320)/(-75))/(4/10 - 0). What are the prime factors of (39 - m)/((-2)/116)?
2, 5, 29
Suppose 0 = -5*d + 162 - 147. List the prime factors of d/(15/(-20)) - (1 - 179).
2, 3, 29
Let r be (-14 + 16)/(2/7). Suppose r*c - 478 = 201. List the prime factors of c.
97
Let c = -16 - -31. Let a be (c - 102)*16/(-3). Suppose -2*k = 6*k - a. What are the prime factors of k?
2, 29
Let y be 1*0*(-5)/20. Suppose y = -6*f + 2*f + 2*n + 476, 5*n = 10. Suppose 0 = 7*v - 3*v - f. What are the prime factors of v?
2, 3, 5
Let w(t) = -10*t - 4 + 11 + 0 + 6*t**2 - 3*t**3. Let q(f) = 2*f**3 - 7*f**2 + 9*f - 8. Let o(b) = -4*q(b) - 3*w(b). List the prime factors of o(-10).
71
Suppose 2*f - 2*z = 2067 + 50451, -3*z = 5*f - 131239. List the prime factors of f.
2, 6563
Let y(g) = 2*g**3 + 15*g**2 - 20*g + 19. Let k be y(10). Let z = -2111 + k. List the prime factors of z.
2, 151
Let g be (-38*4/(-24))/(1/(-84)). Let t = 1040 + g. List the prime factors of t.
2, 127
Suppose -20 = 4*g, -g + 10196 = 4*o - 5*g. Suppose 3*l + o = 15*l. List the prime factors of l.
2, 53
Let g be (1 + -26)/((-9)/27). Let r = -52 + g. Suppose r + 47 = x. List the prime factors of x.
2, 5, 7
Let r = 4349 + -1263. What are the prime factors of r?
2, 1543
Suppose -41*y + 65080 + 340451 = 0. List the prime factors of y.
3, 7, 157
Let r = -364 + 364. Let m(u) = 2*u**2 + 11*u + 1448. List the prime factors of m(r).
2, 181
Let i = -1003 + 952. Let f = 16 - -16. Let x = f - i. What are the prime factors of x?
83
Suppose 3850 = a - 4*r, 0 = 4*r + 2 - 22. List the prime factors of a.
2, 3, 5, 43
Let r(i) = -199*i + 4398. What are the prime factors of r(-74)?
2, 7, 683
Suppose -80*t + 32589 = -71*t. List the prime factors of t.
3, 17, 71
Let t be (5/4)/((-2)/(-8)). Suppose t*d = d + 56. Suppose 8 = -3*k + d. List the prime factors of k.
2
Suppose -9*j + 23*j - 5901 = 136437. What are the prime factors of j?
3, 3389
Let x = -110 - -30. Let j = 128 + x. Suppose -d + j = -32. List the prime factors of d.
2, 5
Suppose 2*l - 20 + 0 = 0. Let d(f) = 52*f - 5. Let b be d(l). Suppose -3*y + b - 203 = 0. List the prime factors of y.
2, 13
Let o = 9688 + -5993. What are the prime factors of o?
5, 739
Let b(h) = 4*h**2 + 54*h + 35. Suppose i = -2*u + 3*i - 40, 3*u = -3*i - 60. List the pr